q + 10 = 0, 3*m + 0*q = -2*q - 14. Let r(h) be the third derivative of -h**6/40 + h**5/15 + h**4/8 + 7*h**3/6 + 32*h**2. Is r(m) a composite number?
True
Is (-15683155)/(-70) + (-24)/336 composite?
True
Let c(s) be the first derivative of s**4/2 + s**3/3 - s**2/2 - 2*s + 1. Let x be c(2). Is 16/6*1308/x a prime number?
False
Suppose 0 = -5*c - 2*n + 25, -4*c + 3 = -2*n + 1. Let a be 10/c - (-28)/(-21). Is (1 + (-954)/(-4))*a a composite number?
False
Let r(a) = 2*a**2 - 12. Let s be r(7). Let q = s - 49. Is q a composite number?
False
Let b = 26 - -6. Is (-3)/6 - (-4)/(b/5420) composite?
False
Suppose -5*z - 1 = 24. Let a(v) be the third derivative of v**5/20 + v**4/4 - v**3/3 + 5*v**2. Is a(z) a prime number?
True
Let u(g) = g**2 + 4*g - 3. Let v be u(-5). Suppose v*f + 0 + 4 = 0. Let r = f + 111. Is r a composite number?
False
Let g = 66190 + -27287. Is g a prime number?
True
Suppose 0 = 5*b - a + 3*a - 563, 3*b + 3*a - 336 = 0. Let q = 1498 - 868. Let j = b + q. Is j a composite number?
False
Let d(a) = 553*a**3 - a**2 - 3. Let h be d(2). Suppose m + h = 8*m. Is m prime?
True
Let v be (60/50)/((-4)/30). Let f be (-6 - -10) + v + 2. Is f/18 - (-3806)/12 composite?
False
Let d(a) = -265*a + 2. Let q be d(-2). Let b be (-6)/21 - ((-19389)/(-21))/(-1). Suppose -q = -5*k + b. Is k a prime number?
False
Let q(f) = 187*f + 2*f**2 + 35*f**2 - 190*f + 1. Is q(1) a composite number?
True
Let l = -7 + -332. Let h = 2986 + l. Is h composite?
False
Let d(k) = -4*k**3 - 10*k**2 - 24*k - 47. Is d(-14) a prime number?
False
Let i = 2 + -2. Let n be (0 + i)*2/4. Suppose -515 = -5*j - n*j. Is j a composite number?
False
Let d be (-16 - -17)*(0 + 13). Suppose 0 = d*p - 19897 + 3192. Is p prime?
False
Let h = 203 + -54. Is h a prime number?
True
Let z(m) = -m**2 - 5*m + 6. Let b be z(-5). Let t be (8 - b)*(-1)/2. Let i = 12 - t. Is i composite?
False
Let c = 7426 - -1755. Is c a prime number?
True
Suppose -14*h + 5327 + 14399 = 0. Is h a prime number?
True
Suppose 3*l - 255 - 639 = 0. Let z = l - 171. Is z a composite number?
False
Suppose 5*l - 9*l = 20. Let b(w) = 11*w - 14. Let y(m) = 33*m - 41. Let g(o) = 11*b(o) - 4*y(o). Is g(l) composite?
True
Let x = 4375 + -2414. Is x prime?
False
Let y be (-66)/(-14) - (-4)/14. Suppose -2*t = -p - 4*p - 4, 2*p - 10 = -y*t. Suppose -5*h - t*i - 3*i + 950 = 0, -2*h + 378 = 4*i. Is h a composite number?
False
Suppose -2*r = -23118 + 4684. Is r prime?
False
Let s(h) = -h**3 - 7*h**2 - h + 5. Let w be s(-7). Let y be (-3)/((-1)/(w/9)). Suppose -o = y*o - 955. Is o a composite number?
False
Suppose 7*f = 2*f - 1115. Suppose 2*s - 3197 = -1361. Let g = s + f. Is g prime?
False
Let z(h) = -43*h**2 - 2*h + 6. Let t be z(8). Let j = t - 616. Is (0 - -2)/((-12)/j) a prime number?
True
Let b be (56/35)/((-4)/(-10)). Suppose -5*g = -m + 48, -b*m + 7*g = 4*g - 124. Is m/(-42)*(-1119)/2 a prime number?
True
Let h be 2 - 4 - -2 - -2. Suppose h*k + 17 = -39. Let n = k + 65. Is n composite?
False
Let d = -34 + 36. Suppose 0 = -5*z - 2*l + 391, 0*z - z - d*l + 75 = 0. Is z a prime number?
True
Let a(z) = -116*z + 177. Is a(-35) a prime number?
False
Let t(k) = -k**2 + k + 6. Let h be t(3). Let j be 63 - (-3 + 2) - 2. Suppose h = b + 4, l - 3*b + 2*b - j = 0. Is l prime?
False
Let w be 1 - (-4 - -2) - 3. Let o = w - -4. Suppose -5*r = -4*l - 359, -5*l + 350 = r + o*r. Is r prime?
True
Let h = 4459 + -1880. Is h a composite number?
False
Let v(x) = -5*x**3 + 2*x**2 - 3*x + 2. Let l be v(1). Is (1564/l - 0)*-1 composite?
True
Suppose -2*y - 166875 = -5*v, -3*v = -3*y - 59278 - 40838. Is v composite?
False
Let t = 1453 + 1981. Suppose -t = -5*b + i, b - 1384 = -b + 3*i. Suppose -4*j - g = -314 - b, 5*g = 2*j - 522. Is j a composite number?
False
Suppose 4*n + 2048 = 4*b - 2*b, 3*n = 2*b - 1536. Let z = n + 927. Is z composite?
True
Let p(q) = 133*q**2 - 4*q - 5. Let r be p(-2). Suppose v + 156 = r. Is v prime?
True
Suppose -2*v - 3*a + 1171 = 0, -2*a - 3*a + 582 = v. Is v a prime number?
True
Suppose 6*j = 1 + 5. Is (-5 - j)/(14/(-287)) composite?
True
Let q(z) = -70*z - 3. Let u be q(-4). Suppose -u + 65 = -4*b. Is b a composite number?
False
Is (-3 - -1141)/((-6)/(-123)) a composite number?
True
Let f be (2 - 2)/(4/2). Suppose -25*m + 28*m - 861 = f. Is m prime?
False
Let x(b) = 33*b - 30. Let s be x(6). Is ((-1)/8 - (-76573)/s)*3 a prime number?
True
Let n be 0*(10/(-4))/(-5). Suppose 30*b + 771 = 31*b. Suppose n*p - m = p - b, 5*m = -p + 787. Is p a prime number?
False
Let k = 7623 - 4780. Is k a composite number?
False
Let c be (117/2 - 0) + 24/(-48). Let d = c - 35. Is d prime?
True
Let w be -1*((-4)/(-4) + -22). Let o = 31 - w. Let h = o - -41. Is h a prime number?
False
Suppose -26*p = -24*p - 4. Suppose p*y + 5*l - 9104 = 7*l, 0 = -4*l - 20. Is y prime?
True
Is 2589 + -2 + -10 + -2 + 7 a composite number?
True
Let l(p) = -29*p**2 - 64*p + 80. Let o(k) = 19*k**2 + 43*k - 53. Let q(h) = 5*l(h) + 8*o(h). Let b be q(18). Suppose -4*f - 2*f + b = 0. Is f prime?
False
Let n(o) = 248*o**3 + o**2. Suppose -4*l + 22 = -2*l. Let h = -10 + l. Is n(h) prime?
False
Let r = -84 + 1171. Is r composite?
False
Suppose f - 20 = 5*d + 8, -16 = -3*f - 2*d. Suppose 0 = -4*g - f*g + 1992. Is g a composite number?
True
Let i = 6 - 3. Let r(h) = h**2 - 3*h + 10*h**2 - i + 2*h. Is r(4) a prime number?
False
Let b(x) = 1 - 1 - 23*x - 2. Let f(o) = -10*o + 55. Let s be f(6). Is b(s) a composite number?
False
Suppose 4*c + 79 - 39 = 0. Let x(m) = -22*m + 31. Is x(c) composite?
False
Let o(m) = 137*m**2 - 80*m - 466. Is o(-6) a composite number?
True
Let v(s) = s - 8. Let c be v(9). Let x be (18/2)/(-3) - c. Is 67*(-3)/(1 + x) prime?
True
Let g(a) = -2*a - 3. Let x be g(-3). Suppose -x*k + 1490 + 1 = 0. Is k composite?
True
Let d(i) = i**3 - 9*i**2 + 10*i + 4. Let r be d(8). Suppose -5*q = -0*q - r. Suppose 257 + 131 = q*s. Is s composite?
False
Let y(g) = -g**2 - 8*g + 9. Let v(o) = -o + 1. Let c(z) = 3*v(z) - y(z). Let m be c(-6). Let b(p) = -p**3 - p**2 + 2*p + 134. Is b(m) a prime number?
False
Let d(r) = -12*r + 1. Let n be d(1). Let b = n + 33. Let c = b + 11. Is c a composite number?
True
Suppose 6*z - 2*m = 10*z - 7258, -2*z + 3626 = -2*m. Is z a prime number?
False
Let h(s) = -1479*s + 16. Is h(-7) a prime number?
True
Suppose 2*s + 17 = -4*g + 7*g, -g = -2*s - 7. Suppose c - g*p - 24 = 257, -2*p = -4. Is c a prime number?
False
Suppose 539637 = 61*j - 40*j. Is j prime?
False
Suppose 11100 = 3*v + 3*v. Suppose -3*u + v = 2*u. Suppose 3*w + q = 569, 0 = w - 3*w - 3*q + u. Is w a prime number?
True
Let t = 126 - 123. Let y(i) = 594*i**2 + i - 4. Is y(t) a prime number?
False
Suppose 16 = 7*j - 3*j. Suppose -251 = j*b - 5*b. Is b composite?
False
Is (21135/(-30))/((5/(-2))/5) composite?
False
Let t(l) = -l**3 - 6*l**2 - 7*l + 11. Suppose 0*s + 3*s - 2*a = -47, -5*s = 5*a + 45. Is t(s) composite?
True
Let x = 2246 - 717. Is x composite?
True
Suppose o + 3*j = -7 - 2, 5*o - 35 = 5*j. Suppose 0 = q - 2, o*z + 5*q + 59 = 4*z. Is (z/2)/(10/20) composite?
True
Let g(t) = -12*t**3 - 4*t**2 - 84*t**3 + 2*t**2 + 1. Let c be ((3/1)/3)/(-3 - -2). Is g(c) a prime number?
False
Let l(c) = 85*c + 1. Let u be l(1). Let t be u - (-1 + 1 + 2). Is (t/15)/((-6)/(-15)) composite?
True
Let s(q) = q**3 + 5*q**2 + 2. Let u be s(-5). Suppose -3 = -3*f - 4*a + 2, -2*a = u*f - 4. Suppose g - 40 = h, 4*g + f*h - 234 + 81 = 0. Is g composite?
True
Let z(c) = 7*c**3 + 3*c**2 - c + 3269. Let d(o) = 10*o**3 + 4*o**2 - 2*o + 4904. Let p(f) = 5*d(f) - 7*z(f). Is p(0) a prime number?
True
Let k = -1977 - -2138. Is k composite?
True
Suppose 2*a = t + 71875, -5*t = 66*a - 63*a - 107780. Is a prime?
False
Let k(i) = 17*i**2 - 21*i - 15. Is k(11) a composite number?
False
Let x(g) = 314*g**2 - 42*g + 215. Is x(6) a composite number?
True
Let b(a) = -40*a + 29. Is b(-30) a composite number?
False
Suppose m - 15 = -4*m, -p - 5*m = -11. Let j be (p/(-5))/(24/(-420)). Is ((-7)/j)/(1/818) prime?
True
Is (2708/10)/(1/5) composite?
True
Suppose -y + 660 = -686. Suppose 4*t - 570 = y. Is t composite?
False
Suppose x + c = -0*c - 3, -3 = 5*x + c. Suppose x*y - 655 = -y. Is y composite?
True
Suppose -v - 2*p = 3720 - 767, 3*p = -9. Is 2/1*v/(-2) a prime number?
False
Let u(v) = 73*v**2 + 5*v - 3